01
What are the prime factors of 13982?
2, 6991
What are the prime factors of 2496?
2, 3, 13
List the prime factors of 1320.
2, 3, 5, 11
What are the prime factors of 17463?
3, 5821
What are the prime factors of 26400?
2, 3, 5, 11
List the prime factors of 13876.
2, 3469
What are the prime factors of 7748?
2, 13, 149
What are the prime factors of 1125?
3, 5
What are the prime factors of 13808?
2, 863
What are the prime factors of 1555?
5, 311
What are the prime factors of 6866?
2, 3433
What are the prime factors of 7245?
3, 5, 7, 23
What are the prime factors of 31823?
11, 263
List the prime factors of 884.
2, 13, 17
List the prime factors of 82.
2, 41
List the prime factors of 519.
3, 173
What are the prime factors of 8095?
5, 1619
What are the prime factors of 7266?
2, 3, 7, 173
What are the prime factors of 915?
3, 5, 61
What are the prime factors of 8736?
2, 3, 7, 13
List the prime factors of 3498.
2, 3, 11, 53
What are the prime factors of 1275?
3, 5, 17
What are the prime factors of 13664?
2, 7, 61
List the prime factors of 505.
5, 101
List the prime factors of 1507.
11, 137
List the prime factors of 41212.
2, 10303
What are the prime factors of 3300?
2, 3, 5, 11
What are the prime factors of 792?
2, 3, 11
What are the prime factors of 1429?
1429
What are the prime factors of 1853?
17, 109
What are the prime factors of 1956?
2, 3, 163
What are the prime factors of 1718?
2, 859
What are the prime factors of 1393?
7, 199
List the prime factors of 13905.
3, 5, 103
List the prime factors of 208.
2, 13
List the prime factors of 69.
3, 23
What are the prime factors of 1137?
3, 379
List the prime factors of 5602.
2, 2801
List the prime factors of 1771.
7, 11, 23
List the prime factors of 24470.
2, 5, 2447
What are the prime factors of 830?
2, 5, 83
List the prime factors of 306.
2, 3, 17
What are the prime factors of 7714?
2, 7, 19, 29
List the prime factors of 42382.
2, 21191
What are the prime factors of 880?
2, 5, 11
List the prime factors of 909.
3, 101
What are the prime factors of 2117?
29, 73
What are the prime factors of 444?
2, 3, 37
List the prime factors of 696.
2, 3, 29
What are the prime factors of 1191?
3, 397
What are the prime factors of 954?
2, 3, 53
What are the prime factors of 89845?
5, 7, 17, 151
List the prime factors of 7333.
7333
What are the prime factors of 17604?
2, 3, 163
What are the prime factors of 1953?
3, 7, 31
List the prime factors of 3517.
3517
What are the prime factors of 56030?
2, 5, 13, 431
List the prime factors of 68967.
3, 79, 97
List the prime factors of 156100.
2, 5, 7, 223
What are the prime factors of 439?
439
List the prime factors of 6963.
3, 11, 211
What are the prime factors of 2989?
7, 61
What are the prime factors of 1105?
5, 13, 17
List the prime factors of 124.
2, 31
List the prime factors of 9567.
3, 1063
List the prime factors of 3097.
19, 163
List the prime factors of 108417.
3, 71, 509
List the prime factors of 1156.
2, 17
List the prime factors of 5395.
5, 13, 83
List the prime factors of 450.
2, 3, 5
What are the prime factors of 500?
2, 5
What are the prime factors of 69876?
2, 3, 647
List the prime factors of 5167.
5167
What are the prime factors of 894?
2, 3, 149
List the prime factors of 2869.
19, 151
What are the prime factors of 6570?
2, 3, 5, 73
What are the prime factors of 873?
3, 97
What are the prime factors of 7718?
2, 17, 227
What are the prime factors of 46133?
46133
What are the prime factors of 91?
7, 13
What are the prime factors of 44263?
44263
What are the prime factors of 2520?
2, 3, 5, 7
List the prime factors of 4260.
2, 3, 5, 71
What are the prime factors of 2014?
2, 19, 53
List the prime factors of 44589.
3, 89, 167
What are the prime factors of 14915?
5, 19, 157
List the prime factors of 15454.
2, 7727
What are the prime factors of 7773?
3, 2591
List the prime factors of 17572.
2, 23, 191
What are the prime factors of 1364?
2, 11, 31
What are the prime factors of 567?
3, 7
What are the prime factors of 1518?
2, 3, 11, 23
List the prime factors of 5451.
3, 23, 79
What are the prime factors of 3078?
2, 3, 19
List the prime factors of 255.
3, 5, 17
What are the prime factors of 3062?
2, 1531
What are the prime factors of 23904?
2, 3, 83
List the prime factors of 1533.
3, 7, 73
List the prime factors of 4025.
5, 7, 23
List the prime factors of 10906.
2, 7, 19, 41
List the prime factors of 3773.
7, 11
List the prime factors of 43133.
43133
List the prime factors of 45510.
2, 3, 5, 37, 41
List the prime factors of 78068.
2, 29, 673
List the prime factors of 8263.
8263
List the prime factors of 74373.
3, 13, 1907
What are the prime factors of 135710?
2, 5, 41, 331
What are the prime factors of 1107?
3, 41
List the prime factors of 2557.
2557
List the prime factors of 6830.
2, 5, 683
What are the prime factors of 6578?
2, 11, 13, 23
List the prime factors of 496.
2, 31
List the prime factors of 1722.
2, 3, 7, 41
List the prime factors of 85700.
2, 5, 857
List the prime factors of 387.
3, 43
What are the prime factors of 196?
2, 7
What are the prime factors of 62?
2, 31
What are the prime factors of 46?
2, 23
List the prime factors of 39544.
2, 4943
What are the prime factors of 13955?
5, 2791
What are the prime factors of 7903?
7, 1129
What are the prime factors of 11499?
3, 3833
List the prime factors of 10564.
2, 19, 139
What are the prime factors of 1609?
1609
What are the prime factors of 287?
7, 41
List the prime factors of 19733.
7, 2819
What are the prime factors of 3710?
2, 5, 7, 53
List the prime factors of 3936.
2, 3, 41
List the prime factors of 3050.
2, 5, 61
What are the prime factors of 1216?
2, 19
List the prime factors of 2781.
3, 103
List the prime factors of 389.
389
What are the prime factors of 5106?
2, 3, 23, 37
List the prime factors of 9664.
2, 151
List the prime factors of 92784.
2, 3, 1933
What are the prime factors of 2723?
7, 389
List the prime factors of 56350.
2, 5, 7, 23
What are the prime factors of 151?
151
List the prime factors of 934.
2, 467
List the prime factors of 122522.
2, 61261
List the prime factors of 7191.
3, 17, 47
What are the prime factors of 859?
859
List the prime factors of 20006.
2, 7, 1429
List the prime factors of 899.
29, 31
What are the prime factors of 15078?
2, 3, 7, 359
List the prime factors of 7090.
2, 5, 709
What are the prime factors of 4387?
41, 107
What are the prime factors of 8306?
2, 4153
What are the prime factors of 14754?
2, 3, 2459
List the prime factors of 5677.
7, 811
What are the prime factors of 37574?
2, 18787
List the prime factors of 38319.
3, 53, 241
List the prime factors of 27971.
83, 337
What are the prime factors of 14273?
7, 2039
What are the prime factors of 1216?
2, 19
List the prime factors of 13560.
2, 3, 5, 113
List the prime factors of 2339.
2339
List the prime factors of 13410.
2, 3, 5, 149
List the prime factors of 27021.
3, 9007
What are the prime factors of 2270?
2, 5, 227
What are the prime factors of 3136?
2, 7
What are the prime factors of 4643?
4643
What are the prime factors of 8404?
2, 11, 191
List the prime factors of 3549.
3, 7, 13
What are the prime factors of 7607?
7607
List the prime factors of 7475.
5, 13, 23
What are the prime factors of 9459?
3, 1051
What are the prime factors of 618?
2, 3, 103
What are the prime factors of 56157?
3, 18719
List the prime factors of 21733.
103, 211
What are the prime factors of 394?
2, 197
What are the prime factors of 4756?
2, 29, 41
List the prime factors of 13171.
13171
What are the prime factors of 4027?
4027
List the prime factors of 8771.
7, 179
List the prime factors of 9314.
2, 4657
List the prime factors of 20204.
2, 5051
What are the prime factors of 14163?
3, 4721
List the prime factors of 87694.
2, 163, 269
List the prime factors of 821.
821
List the prime factors of 582.
2, 3, 97
List the prime factors of 1168.
2, 73
List the prime factors of 11333.
7, 1619
List the prime factors of 63200.
2, 5, 79
List the prime factors of 161.
7, 23
List the prime factors of 7153.
23, 311
What are the prime factors of 22808?
2, 2851
List the prime factors of 22054.
2, 11027
List the prime factors of 27670.
2, 5, 2767
What are the prime factors of 6255?
3, 5, 139
List the prime factors of 2362.
2, 1181
List the prime factors of